{"id":19,"date":"2024-09-23T14:08:31","date_gmt":"2024-09-23T14:08:31","guid":{"rendered":"https:\/\/1000formulare-nienburg.de\/?page_id=19"},"modified":"2024-09-23T14:08:31","modified_gmt":"2024-09-23T14:08:31","slug":"der-beamte-und-das-formular","status":"publish","type":"page","link":"https:\/\/1000formulare-nienburg.de\/?page_id=19","title":{"rendered":"Der Beamte und das Formular"},"content":{"rendered":"\n<p><em>\u201eDas Formular (oder Formblatt) ist in Wirtschaft und Verwaltung ein Schriftst\u00fcck, welches ein auf die allgemeinen Merkmale einer Rechtshandlung zugeschnittenes Muster einer Erkl\u00e4rung enth\u00e4lt, das durch die Einf\u00fcgung von Individualabreden konkretisiert werden muss.\u201c<\/em><\/p>\n\n\n\n<p>Soweit die Definition aus Wikipedia.<\/p>\n\n\n\n<figure class=\"wp-block-image size-large\"><img loading=\"lazy\" decoding=\"async\" width=\"1024\" height=\"781\" src=\"https:\/\/1000formulare-nienburg.de\/wp-content\/uploads\/2024\/09\/Formulare-1024x781.jpg\" alt=\"\" class=\"wp-image-20\" srcset=\"https:\/\/1000formulare-nienburg.de\/wp-content\/uploads\/2024\/09\/Formulare-1024x781.jpg 1024w, https:\/\/1000formulare-nienburg.de\/wp-content\/uploads\/2024\/09\/Formulare-300x229.jpg 300w, https:\/\/1000formulare-nienburg.de\/wp-content\/uploads\/2024\/09\/Formulare-768x586.jpg 768w, https:\/\/1000formulare-nienburg.de\/wp-content\/uploads\/2024\/09\/Formulare-1536x1172.jpg 1536w, https:\/\/1000formulare-nienburg.de\/wp-content\/uploads\/2024\/09\/Formulare.jpg 1920w\" sizes=\"auto, (max-width: 1024px) 100vw, 1024px\" \/><\/figure>\n\n\n\n<p>Mir wurde klar, dass Beamte einfach nicht anders k\u00f6nnen. Am Anfang war das Formular. Am Ende auch. Das Konzept f\u00fcr die 1000-Jahr-Feier stellt nichts anderes dar als eine konsequente Besinnung auf die Kernkompetenzen einer Verwaltung. Jeder Coach w\u00fcrde exakt dazu raten: Konzentriere Dich auf Deine St\u00e4rken!<\/p>\n\n\n\n<p>Das Formular erf\u00fcllt im Wesentlichen zwei wichtige Aufgaben: Zum einen erspart es dem Beamten die unn\u00f6tigen Strapazen des selbstst\u00e4ndigen Denkens. Zum anderen bringt es die oft wirren Gedanken des unm\u00fcndigen B\u00fcrgers in ein verwaltungskonformes Raster und verhindert St\u00f6rungen im Ablauf der Verwaltung durch unvorhergesehen Dinge, die wom\u00f6glich individuelles Denken und Entscheiden erfordern k\u00f6nnten. Denn die Verwaltung funktioniert ohne den B\u00fcrger am besten. Das soll und muss man respektieren.<\/p>\n\n\n\n<p>Gl\u00fccklicherweise konnte man auch in Nienburg 1000 Jahre lang den Irrungen einer vorschnellen Digitalisierung widerstehen und pflegt weiterhin die analoge W\u00e4rme des klassischen Formulars, das sich im Zweifelsfalle auch mit Brieftauben, berittenen Boten oder Faxger\u00e4ten \u00fcbermitteln l\u00e4sst. Ein klares und stringentes Konzept f\u00fcr weitere 1000 Jahre solider Verwaltung! Da f\u00fchlt sich der B\u00fcrger sicher und aufgehoben.<\/p>\n\n\n\n<p>Genau an diesem Punkt muss ich k\u00fcnstlerisch ansetzen! Man muss den Beamten dort abholen, wo er steht: Beim Formular. Nur so kann Kunst im \u00f6ffentlichen Auftrag entstehen, ohne durch unvorhersehbare St\u00f6rungen zu verunsichern. Alles andere ist zum Scheitern verurteilt.<\/p>\n","protected":false},"excerpt":{"rendered":"<p>\u201eDas Formular (oder Formblatt) ist in Wirtschaft und Verwaltung ein Schriftst\u00fcck, welches ein auf die allgemeinen Merkmale einer Rechtshandlung zugeschnittenes Muster einer Erkl\u00e4rung enth\u00e4lt, das durch die Einf\u00fcgung von Individualabreden konkretisiert werden muss.\u201c Soweit die Definition aus Wikipedia. Mir wurde klar, dass Beamte einfach nicht anders k\u00f6nnen. Am Anfang war das Formular. Am Ende auch. [&hellip;]<\/p>\n","protected":false},"author":1,"featured_media":0,"parent":0,"menu_order":0,"comment_status":"closed","ping_status":"closed","template":"","meta":{"footnotes":""},"class_list":["post-19","page","type-page","status-publish","hentry"],"_links":{"self":[{"href":"https:\/\/1000formulare-nienburg.de\/index.php?rest_route=\/wp\/v2\/pages\/19","targetHints":{"allow":["GET"]}}],"collection":[{"href":"https:\/\/1000formulare-nienburg.de\/index.php?rest_route=\/wp\/v2\/pages"}],"about":[{"href":"https:\/\/1000formulare-nienburg.de\/index.php?rest_route=\/wp\/v2\/types\/page"}],"author":[{"embeddable":true,"href":"https:\/\/1000formulare-nienburg.de\/index.php?rest_route=\/wp\/v2\/users\/1"}],"replies":[{"embeddable":true,"href":"https:\/\/1000formulare-nienburg.de\/index.php?rest_route=%2Fwp%2Fv2%2Fcomments&post=19"}],"version-history":[{"count":1,"href":"https:\/\/1000formulare-nienburg.de\/index.php?rest_route=\/wp\/v2\/pages\/19\/revisions"}],"predecessor-version":[{"id":21,"href":"https:\/\/1000formulare-nienburg.de\/index.php?rest_route=\/wp\/v2\/pages\/19\/revisions\/21"}],"wp:attachment":[{"href":"https:\/\/1000formulare-nienburg.de\/index.php?rest_route=%2Fwp%2Fv2%2Fmedia&parent=19"}],"curies":[{"name":"wp","href":"https:\/\/api.w.org\/{rel}","templated":true}]}}