{"id":22,"date":"2024-09-23T14:09:42","date_gmt":"2024-09-23T14:09:42","guid":{"rendered":"https:\/\/1000formulare-nienburg.de\/?page_id=22"},"modified":"2024-09-23T14:33:09","modified_gmt":"2024-09-23T14:33:09","slug":"durchfuehrungs-bestimmungen","status":"publish","type":"page","link":"https:\/\/1000formulare-nienburg.de\/?page_id=22","title":{"rendered":"Durchf\u00fchrungs-Bestimmungen"},"content":{"rendered":"\n<p>Im Rahmen des Projektes \u201e1000 Jahre Nienburg \u2013 1000 Formulare\u201c habe ich eine Reihe von Veranstaltungen geplant, die sich konstruktiv-kritisch mit der Ontologie des Formulars an sich, f\u00fcr sich, an und f\u00fcr sich, und f\u00fcr den Menschen auseinandersetzen.<\/p>\n\n\n\n<p>Die genaue Terminplanung ist derzeit in der Evaluierungsphase und wird nach sorgf\u00e4ltiger Pr\u00fcfung rechtzeitig bekanntgegeben.<\/p>\n\n\n\n<p><strong>Festkonzert: Das vertonte Formular<\/strong><\/p>\n\n\n\n<p>Als Komponist habe ich Erfahrung mit der Vertonung ungew\u00f6hnlicher und wenig musischer Textvorlagen der \u00f6ffentlichen Hand: Im Jahr 2005 habe ich f\u00fcr meine Heimatstadt Karlsruhe das Grundgesetz vertont.<\/p>\n\n\n\n<p>Nun hat Nienburg aber kein Bundesverfassungsgericht. Von daher muss ich mich auf die Vertonung weniger grundlegender, aber daf\u00fcr umso b\u00fcrgern\u00e4herer Vorschriften und Formulare beschr\u00e4nken. In der engeren Auswahl sind derzeit:<\/p>\n\n\n\n<ul class=\"wp-block-list\">\n<li>Antrag auf Erteilung einer Abgeschlossenheitsbescheinigung gem\u00e4\u00df \u00a7 7 i.V. \u00a7 3 Abs. 2 WEG &#8211; (Niedersachsen)<\/li>\n\n\n\n<li>Erkl\u00e4rung zur Vorwegnahme der Pr\u00fcfung der statischen Berechnung<\/li>\n\n\n\n<li>Einkommenserkl\u00e4rung der haushaltsangeh\u00f6rigen Person nach \u00a7 5 des Nieders\u00e4chsischen Wohnraumf\u00f6rderungsgesetz<\/li>\n<\/ul>\n\n\n\n<p>Nach sorgf\u00e4ltiger Pr\u00fcfung werde ich mich f\u00fcr eines dieser Formulare entscheiden. Ein Ort und ein Ensemble f\u00fcr das Festkonzert werden derzeit noch gesucht. Das Theater d\u00fcrfte aller Wahrscheinlichkeit nach ausscheiden.<\/p>\n\n\n\n<p><strong>Formularchor<\/strong><\/p>\n\n\n\n<p>Ein gro\u00dfes interaktives Projekt mit B\u00fcrgerbeteiligung: Wir treffen uns vor dem Rathaus und jeder singt die sch\u00f6nsten S\u00e4tze aus seinem Lieblingsformular.<\/p>\n\n\n\n<p><strong>Heiteres Formulareraten<\/strong><\/p>\n\n\n\n<p>Es werden pr\u00e4gnante S\u00e4tze aus den sch\u00f6nsten Formularen vorgetragen. Wer erkennt, um welches Formular es sich handelt? Wer hier die genaue Formularnummer nennen kann, wird mit dem gro\u00dfen Ehrenpreis der Nienburger Verwaltung ausgezeichnet. Dieser ist selbstverst\u00e4ndlich nicht dotiert.<\/p>\n\n\n\n<p><strong>Gro\u00dfer Formularumzug<\/strong><\/p>\n\n\n\n<p>Ein gro\u00dfer Umzug aller B\u00fcrger*innen mit einem Kost\u00fcmwettbewerb: Willst Du Dich lieber als \u201eVerdienstanfrage Arbeitgeber &#8211; Unterhaltssicherung (USG)\u201c verkleiden, oder bist Du mehr der Typ \u201eBest\u00e4tigung des Vermieters \u00fcber die Wohnberechtigung des Mieters nach \u00a7 27 Wohnraumf\u00f6rderungsgesetz\u201c? Lass Deiner Kreativit\u00e4t freien Lauf und verkleide Dich als Dein pers\u00f6nliches Lieblingsformular!<\/p>\n\n\n\n<p><strong>Beamtenschwei\u00df<\/strong><\/p>\n\n\n\n<p>Alle Beamten und Angestellten der Stadtverwaltung Nienburg sind aufgefordert, ein Jahr lang ihren Schwei\u00df zu sammeln. Mit diesem sollen dann die 1000 B\u00e4ume angegossen werden, die im Rahmen des Jubil\u00e4umsjahrs gepflanzt werden sollen.<\/p>\n\n\n\n<p>Hinweis: Es wird zur Auswahl von W\u00fcstenpflanzen geraten, nicht nur in Hinblick auf den Klimawandel.<\/p>\n\n\n\n<p><strong>Historische Formulare<\/strong><\/p>\n\n\n\n<p>Erste Formulare sind historisch bereits ab dem 7. Jahrhundert nachweisbar, also lange vor Gr\u00fcndung der Stadt Nienburg. Die Menschwerdung scheint also unmittelbar mit der Erfindung des Formulars verkn\u00fcpft zu sein. Nach den Affen und der Bronzezeit kam sofort das Formular, um die Zivilisation \u00fcberhaupt erst zu erm\u00f6glichen.<\/p>\n\n\n\n<p>Eine interdisziplin\u00e4re Forschungsgruppe interessierter B\u00fcrger soll das Stadtarchiv nach besonders bedeutsamen historischen Formularen durchsuchen und die wichtigsten in einer \u00f6ffentlichen Veranstaltung pr\u00e4sentieren, unter besonderer Ber\u00fccksichtigung der Bedeutung historischer Formulare f\u00fcr das gestern, hier, jetzt und \u00fcbermorgen abend.<\/p>\n\n\n\n<p><strong>Formularschie\u00dfen<\/strong><\/p>\n\n\n\n<p>Wer sagt eigentlich, dass man immer nur auf langweilige Zielscheiben schie\u00dfen muss? Eine moderne Stadt braucht auch moderne Ziele, die von den alteingesessenen Sch\u00fctzenvereinigungen abgeschossen werden k\u00f6nnen. Was bietet sich hier besser an als das Formular?<\/p>\n\n\n\n<p><strong>Formularangeln<\/strong><\/p>\n\n\n\n<p>Die Einbindung der Weser in das Stadtjubil\u00e4um war im Rahmen der Fest-Planung ein besonders wichtiges Anliegen. Was also liegt n\u00e4her, als diese beiden Schwerpunkte miteinander zu verbinden?<\/p>\n\n\n\n<p>Von der Fu\u00dfg\u00e4ngerbr\u00fccke werden 2 Tonnen Formulare in die Weser geworfen, die bis zum Nienburger Hafen von motivierten B\u00fcrgerinnen und B\u00fcrgern wieder herausgeangelt werden. Ab 100 kg geangelter Formulare wird ebenfalls der gro\u00dfe Ehrenpreis der Nienburger Verwaltung verliehen.<\/p>\n\n\n\n<p><strong>Formularmalen f\u00fcr Kinder<\/strong><\/p>\n\n\n\n<p>Viele Kinder wachsen heutzutage viel zu fr\u00fch mit einer voreiligen Digitalisierung in Kindergarten und Schule auf. Um die Kinder aber auf die sp\u00e4tere Realit\u00e4t vorzubereiten, soll dieses Projekt spielerisch den Umgang mit dem klassischen Papierformular vermitteln. Alle Kinderg\u00e4rten und Grundschulen sind aufgerufen, sich hier zu beteiligen, um die Zukunft und Lebensf\u00e4higkeit unserer Kinder zu gew\u00e4hrleisten.<\/p>\n\n\n\n<p><strong>Dein pers\u00f6nliches Formular<\/strong><\/p>\n\n\n\n<p>Du suchst verzweifelt auf den Webseiten der Stadtverwaltung, aber kein Formular sagt Dir wirklich zu? Dann gestalte Dein eigenes Formular! Unser Ziel ist es, mindestens 1000 neue Formulare zu erschaffen. Vielleicht auch 2000, um die n\u00e4chsten 1000 Jahre ebenfalls sicher zu verwalten.<\/p>\n\n\n\n<p>Vielleicht schaffen wir sogar das Ziel, dass jede B\u00fcrgerin und jeder B\u00fcrger ein eigenes Formular bekommt. Damit w\u00e4re Nienburg weltweit einzigartig und f\u00fchrend.<\/p>\n\n\n\n<p><strong>Kafka in Nienburg<\/strong><\/p>\n\n\n\n<p>Einer alten Sage zufolge soll Franz Kafka auf der Durchreise durch Nienburg die Inspiration f\u00fcr seine Geschichten bekommen haben.<\/p>\n\n\n\n<p>Dem soll im Rahmen des Stadtjubil\u00e4ums die gebotene Ehre erwiesen werden, ist doch Franz Kafka bis heute das pr\u00e4gende Vorbild jeglicher Verwaltung. Dieses Verdienst der Stadt Nienburg kann gar nicht hoch genug eingesch\u00e4tzt werden.<\/p>\n\n\n\n<p>Im Rahmen dieses Workshops erarbeiten wir gemeinsam und gegeneinander kein Konzept f\u00fcr kein Jubil\u00e4um einer nicht existierenden Stadt. Es gewinnt das beste nicht geschriebene Konzept.<\/p>\n","protected":false},"excerpt":{"rendered":"<p>Im Rahmen des Projektes \u201e1000 Jahre Nienburg \u2013 1000 Formulare\u201c habe ich eine Reihe von Veranstaltungen geplant, die sich konstruktiv-kritisch mit der Ontologie des Formulars an sich, f\u00fcr sich, an und f\u00fcr sich, und f\u00fcr den Menschen auseinandersetzen. Die genaue Terminplanung ist derzeit in der Evaluierungsphase und wird nach sorgf\u00e4ltiger Pr\u00fcfung rechtzeitig bekanntgegeben. Festkonzert: Das [&hellip;]<\/p>\n","protected":false},"author":1,"featured_media":0,"parent":0,"menu_order":0,"comment_status":"closed","ping_status":"closed","template":"","meta":{"footnotes":""},"class_list":["post-22","page","type-page","status-publish","hentry"],"_links":{"self":[{"href":"https:\/\/1000formulare-nienburg.de\/index.php?rest_route=\/wp\/v2\/pages\/22","targetHints":{"allow":["GET"]}}],"collection":[{"href":"https:\/\/1000formulare-nienburg.de\/index.php?rest_route=\/wp\/v2\/pages"}],"about":[{"href":"https:\/\/1000formulare-nienburg.de\/index.php?rest_route=\/wp\/v2\/types\/page"}],"author":[{"embeddable":true,"href":"https:\/\/1000formulare-nienburg.de\/index.php?rest_route=\/wp\/v2\/users\/1"}],"replies":[{"embeddable":true,"href":"https:\/\/1000formulare-nienburg.de\/index.php?rest_route=%2Fwp%2Fv2%2Fcomments&post=22"}],"version-history":[{"count":7,"href":"https:\/\/1000formulare-nienburg.de\/index.php?rest_route=\/wp\/v2\/pages\/22\/revisions"}],"predecessor-version":[{"id":36,"href":"https:\/\/1000formulare-nienburg.de\/index.php?rest_route=\/wp\/v2\/pages\/22\/revisions\/36"}],"wp:attachment":[{"href":"https:\/\/1000formulare-nienburg.de\/index.php?rest_route=%2Fwp%2Fv2%2Fmedia&parent=22"}],"curies":[{"name":"wp","href":"https:\/\/api.w.org\/{rel}","templated":true}]}}